{"id":42,"date":"2025-02-26T14:44:35","date_gmt":"2025-02-26T13:44:35","guid":{"rendered":"http:\/\/193.194.89.189\/lcdep\/?page_id=42"},"modified":"2025-04-08T14:39:44","modified_gmt":"2025-04-08T12:39:44","slug":"equipe-ppe-photodiagnostic-des-phenomenes-electromagnetiques","status":"publish","type":"page","link":"https:\/\/lcdep.usthb.dz\/index.php\/equipe-ppe-photodiagnostic-des-phenomenes-electromagnetiques\/","title":{"rendered":"\u00a0Equipe PPE. Photodiagnostic des Ph\u00e9nom\u00e8nes Electromagn\u00e9tiques"},"content":{"rendered":"\n<h1 class=\"wp-block-heading\" id=\"h.jlgjgj4ouupn_l\">Objectifs<\/h1>\n\n\n\n<p>Le photodiagnostic des ph\u00e9nom\u00e8nes \u00e9lectromagn\u00e9tiques vise la collecte des connaissances scientifiques et techniques afin de faciliter les applications dans tous les domaines o\u00f9 les diagnostics par l&rsquo;analyse des rayonnements \u00e9lectromagn\u00e9tiques et photoniques peuvent \u00eatre n\u00e9cessaires. Ces domaines concernent la mise au point de m\u00e9thodes nouvelles et l\u2019am\u00e9lioration des m\u00e9thodes existantes pour tous les secteurs industriels d\u2019applications. Les aspects li\u00e9s \u00e0 la validation exp\u00e9rimentale par moyens radio-\u00e9lectriques ou opto\u00e9lectroniques et par mod\u00e8les num\u00e9riques sont naturellement un th\u00e8me d\u2019int\u00e9r\u00eat. Le photodiagnostic\u00a0 couvre ainsi un large champ transdisciplinaire o\u00f9 la photonique se marie avec la physique, l\u2019\u00e9lectronique, les sciences des mat\u00e9riaux, la m\u00e9canique des solides et la m\u00e9canique des fluides, la biologie, la chimie et l\u2019informatique pour repousser les limites de la connaissance et pour proposer des solutions industrielles au c\u0153ur de l\u2019innovation et des nouvelles technologies num\u00e9riques<\/p>\n\n\n\n<h1 class=\"wp-block-heading\" id=\"h.wk565kdranz7_l\">Th\u00e9matiques<\/h1>\n\n\n\n<ul class=\"wp-block-list\">\n<li>Analyses spatiales et spectrales des champs au voisinage des installations de puissances (groupements de transformateur, a\u00e9rodromes, centrales \u00e9lectriques, lignes \u00e9lectriques a\u00e9riennes, acc\u00e9l\u00e9rateurs de particules, r\u00e9seaux d\u2019antennes\u2026)<\/li>\n\n\n\n<li>\u00b7Photo-diagnostic Ultra-Violet et Visible par effet couronne (lignes a\u00e9riennes Haute Tension, transformateurs\u2026)<\/li>\n\n\n\n<li>\u00b7Applications du photo-diagnostic \u00e0 l\u2019am\u00e9lioration de la fiabilit\u00e9 des dispositifs et au contr\u00f4le de la qualit\u00e9 de la production industrielle.<\/li>\n\n\n\n<li>\u00b7Application des techniques des m\u00e9ta-algorithmes \u00e0 l\u2019optimisation du photo-diagnostic (r\u00e9seaux de neurone, algorithme g\u00e9n\u00e9tique, recuit simul\u00e9\u2026)<\/li>\n\n\n\n<li>Conception et mise au point de m\u00e9thodes et de dispositifs de mesure de champs sur site et en laboratoire.<\/li>\n\n\n\n<li>Conception et r\u00e9alisation de syst\u00e8mes de photo-diagnostic performants et\u00a0 pr\u00e9cis.<\/li>\n\n\n\n<li>Applications des ondes T (TeraHz) au photo-diagnostic pour le contr\u00f4le de la qualit\u00e9.<\/li>\n<\/ul>\n","protected":false},"excerpt":{"rendered":"<p>Objectifs Le photodiagnostic des ph\u00e9nom\u00e8nes \u00e9lectromagn\u00e9tiques vise la collecte des connaissances scientifiques et techniques afin de faciliter les applications dans tous les domaines o\u00f9 les diagnostics par l&rsquo;analyse des rayonnements \u00e9lectromagn\u00e9tiques et photoniques peuvent \u00eatre n\u00e9cessaires. Ces domaines concernent la <span class=\"readmore\"><a href=\"https:\/\/lcdep.usthb.dz\/index.php\/equipe-ppe-photodiagnostic-des-phenomenes-electromagnetiques\/\">Continue Reading<\/a><\/span><\/p>\n","protected":false},"author":1,"featured_media":103,"parent":0,"menu_order":0,"comment_status":"closed","ping_status":"closed","template":"","meta":{"footnotes":""},"class_list":["post-42","page","type-page","status-publish","has-post-thumbnail","hentry"],"_links":{"self":[{"href":"https:\/\/lcdep.usthb.dz\/index.php\/wp-json\/wp\/v2\/pages\/42","targetHints":{"allow":["GET"]}}],"collection":[{"href":"https:\/\/lcdep.usthb.dz\/index.php\/wp-json\/wp\/v2\/pages"}],"about":[{"href":"https:\/\/lcdep.usthb.dz\/index.php\/wp-json\/wp\/v2\/types\/page"}],"author":[{"embeddable":true,"href":"https:\/\/lcdep.usthb.dz\/index.php\/wp-json\/wp\/v2\/users\/1"}],"replies":[{"embeddable":true,"href":"https:\/\/lcdep.usthb.dz\/index.php\/wp-json\/wp\/v2\/comments?post=42"}],"version-history":[{"count":2,"href":"https:\/\/lcdep.usthb.dz\/index.php\/wp-json\/wp\/v2\/pages\/42\/revisions"}],"predecessor-version":[{"id":59,"href":"https:\/\/lcdep.usthb.dz\/index.php\/wp-json\/wp\/v2\/pages\/42\/revisions\/59"}],"wp:featuredmedia":[{"embeddable":true,"href":"https:\/\/lcdep.usthb.dz\/index.php\/wp-json\/wp\/v2\/media\/103"}],"wp:attachment":[{"href":"https:\/\/lcdep.usthb.dz\/index.php\/wp-json\/wp\/v2\/media?parent=42"}],"curies":[{"name":"wp","href":"https:\/\/api.w.org\/{rel}","templated":true}]}}